 divisor of p and k?
11
Suppose 30 = -j + 54. Let f(s) = -15*s + 1. Let o be f(-1). What is the highest common divisor of j and o?
8
Let c = -125 + 68. Let o = c + 87. What is the greatest common factor of 10 and o?
10
Let n(l) = l**2 - 5*l + 6. Let a be n(4). Suppose 977*s - 973*s = 8. What is the highest common factor of a and s?
2
Let l = -179 - -184. Suppose -4*m = -3*m - 20. What is the highest common factor of m and l?
5
Suppose -3*y - y + 588 = 0. Suppose 2*g + b - y = 0, -g = -5*b + 23 - 80. Calculate the highest common factor of g and 9.
9
Suppose 3*m - h = 219, -14*m - 372 = -19*m + 4*h. What is the highest common divisor of m and 152?
8
Let t = 342 + -177. What is the greatest common factor of t and 66?
33
Let n = 5 - 1. Let l(v) be the second derivative of v**4/3 - v**3/3 - v**2 + 11*v. Let y be l(n). Calculate the highest common factor of 36 and y.
18
Let m = -1001 - -1671. Calculate the greatest common divisor of 10 and m.
10
Let m = 185 - 168. Calculate the greatest common divisor of 136 and m.
17
Let z = 0 - -4. Suppose 3*k = 5*a - 0*k - 90, z*k = 2*a - 36. What is the highest common divisor of a and 72?
18
Let f = -389 + 449. What is the highest common divisor of f and 1620?
60
Let s be (-4)/(-10) + 73/5. Suppose 5*i + 409 = 2*q, 5*q - 1069 = -0*q - 3*i. Let j = q - 47. Calculate the highest common factor of s and j.
15
Suppose -2*y + 3*f + 6 = -21, 5*y - f - 35 = 0. Let d = y - -2. Let n be 44/10 - d/20. What is the highest common divisor of n and 28?
4
Let o = 1255 - 14. Suppose 3*d - 154 = -l + 767, 4*d = 3*l + o. Calculate the greatest common factor of d and 28.
28
Let h(m) = m**2 - 37*m - 15. Let k be h(-8). Calculate the highest common divisor of k and 30.
15
Let i be (976/(-10))/((-4)/10). Let s = i + -76. What is the greatest common divisor of 24 and s?
24
Let c be 2176/204*(0 + 6). Calculate the greatest common factor of c and 4.
4
Let b be (-16 + -15)/(((-2)/(-2))/(-1)). What is the greatest common factor of 93 and b?
31
Suppose -5*w + 7 = 2. Suppose -3 = 3*y - 2*k + 3, 4*y = k - 8. Let z be (-2)/w - 52/y. Calculate the highest common factor of 8 and z.
8
Let h(r) = r**2 - 5*r - 20. Suppose 2*l = -5*b + 20, -3*b + 40 = -0*l + 4*l. Let q be h(l). What is the greatest common factor of 15 and q?
15
Suppose -5*f + 7*f - 70 = -5*p, -2*f = 2*p - 34. Calculate the greatest common factor of p and 9.
3
Suppose -4*o - b = -2*o - 22, 3*b = 3*o - 42. What is the highest common factor of 24 and o?
12
Let q = -94 - -114. Calculate the highest common divisor of q and 110.
10
Let a = 235 + -221. Calculate the greatest common factor of a and 238.
14
Suppose 4*w + 5*d = 329, 0*d = 5*w - 4*d - 401. What is the highest common divisor of 27 and w?
27
Suppose -2*p + 11 = z - 4*p, 5*p - 44 = -4*z. Let r be 3 + (-3)/((-6)/214). Calculate the greatest common factor of r and z.
11
Let d(y) = 7*y**2 + y + 24. Let a be d(4). Calculate the highest common divisor of a and 630.
70
Let h be ((-4)/(-5))/(4 - (-3116)/(-780)). Let u = h + -146. What is the highest common factor of 4 and u?
2
Let y be (-7 + 64)/(4 + -1). Suppose b - 95 = 6*b. Let f = y - b. Calculate the highest common factor of f and 19.
19
Let f(q) = 27*q - 1. Let b be f(1). What is the highest common divisor of b and 221?
13
Let w be (297/(-18) - -10)/((-1)/6). Calculate the greatest common factor of 3159 and w.
39
Let t = -61 - -93. Let y be (-1)/(((-2)/t)/1). What is the highest common factor of 32 and y?
16
Suppose -20 = -2*t + 6*t, -5*j = 5*t + 90. Let l = -13 - j. Suppose -c + 29 + 0 = 3*q, -4*c - 16 = l. Calculate the greatest common factor of q and 110.
11
Suppose -5*w = 4*n - 175, -w - 21 = -2*n + 56. Calculate the highest common factor of n and 50.
10
Suppose -3*k = -2*k + 2*x + 2, k = -4*x - 2. Let q be (20 + 0)/(k/(-4)). Let d = -46 + 62. Calculate the greatest common divisor of q and d.
8
Let z be (-21)/((-168)/(-16)) - -594. What is the highest common divisor of 32 and z?
16
Suppose 32 = 2*w - u, -7 - 6 = -w - u. Let c = -20 - -30. What is the greatest common divisor of c and w?
5
Suppose -4*s + 3*u = -0*s + 1, -4*s = 2*u - 14. Suppose 10*h + 72 = 14*h. Calculate the greatest common divisor of h and s.
2
Suppose 4*s + 23 = 3*j, s + 26 = 3*j - 0*s. What is the highest common divisor of 243 and j?
9
Suppose -267 - 33 = -10*z. Calculate the highest common divisor of z and 75.
15
Let g be 9 - (-808)/(-88) - (-884)/22. Suppose -4*u = -133 + 13. What is the highest common factor of u and g?
10
Let x = 44 - 18. Let n = 37 - x. Calculate the highest common divisor of n and 1.
1
Suppose -22 = b - 26. Let r be 2*-1 - -8 - 2. Calculate the greatest common divisor of r and b.
4
Suppose 8*n = 5*n + 588. Suppose 4*i + 3*i = n. Calculate the highest common factor of i and 14.
14
Suppose -2*u + 10 = -2*q, -2*q = 4*u - 0*u - 50. Calculate the highest common factor of 140 and u.
10
Let w = 22 - 41. Let o = 5 + w. Let q = 17 + o. What is the greatest common factor of q and 27?
3
Suppose 5*y - 4 - 221 = -j, 0 = -5*y - 5*j + 225. Let d be 3/2 + 51*y/10. What is the highest common factor of d and 21?
21
Suppose -y - 2481 = -4*n, 5*y - 3095 = -10*n + 5*n. What is the highest common divisor of n and 40?
20
Let n be 1*(1 + 11)/(45/300). Calculate the greatest common divisor of 16 and n.
16
Let z(y) = -18*y + 312. Let k be z(-5). What is the greatest common factor of 18 and k?
6
Let g(r) = 19*r - 26. Let z be g(10). What is the greatest common factor of z and 4?
4
Suppose 0 = -2*o + 4*v + 38, 11*o - 7*o - 112 = -4*v. What is the highest common factor of o and 1175?
25
Let z(n) = -10*n - 2. Let i be z(-3). Let y be 76/18 + 4/(-90)*5. What is the highest common divisor of i and y?
4
Suppose 2*p = -p - 9. Let i = p - -7. Suppose 0 = -2*a + 2*w - 19 + 69, w = -a + 31. Calculate the greatest common factor of i and a.
4
Suppose 3*y - 2*a - 58 = -y, 5*a + 17 = 2*y. Let p = -541 - -557. Calculate the greatest common divisor of y and p.
16
Let n be 2 + -1 + 3/1. Suppose n*b + 489 = 1321. Calculate the highest common factor of 26 and b.
26
Suppose q + 4 = -3*q. Let z be -22 + 23 - (-30 + 1 + q). Calculate the greatest common factor of 341 and z.
31
Suppose 0 = -4*h + 3*l + 48 - 5, -5*h = -3*l - 53. Let z(u) = -5*u + 85. Let s be z(12). What is the greatest common divisor of s and h?
5
Suppose -3*g - 5*u - 16 = -80, 3*u - 24 = -g. Let b = -11 + g. Suppose -5*l + b*l = 30. What is the highest common divisor of 105 and l?
15
Let r(m) = m**3 + m**2 + 11. Let v be r(0). Let z be 54 + (-10)/(9 + -8). Calculate the highest common divisor of z and v.
11
Suppose 4*t = 4*r - 64, 2*r - 7 = -4*t + 13. Suppose 0 = -2*b + 5*q + 23, 2*q + 43 = 3*b + 3*q. What is the greatest common divisor of r and b?
14
Suppose -3*q - 2*q = -5*r - 135, -q + 33 = -3*r. Calculate the highest common factor of 6 and q.
6
Suppose 2*m - 40 = -28. Suppose m*v - 74 = -14. What is the highest common divisor of v and 90?
10
Let s be 228/(-8)*440/(-12). What is the highest common divisor of s and 22?
11
Let w(z) = -2*z**2 + 21*z + 20. Let v be w(12). Let s be v/(-2)*(10/4)/1. What is the highest common factor of s and 220?
20
Let d(r) = 2*r**2 - 9*r + 4. Let y be d(6). Let j(f) = -y*f - 12*f + 3*f + 5*f - 1. Let u be j(-1). Calculate the greatest common factor of u and 10.
5
Suppose -31*f = -29*f - 648. Calculate the highest common divisor of 4 and f.
4
Let m(o) = 100*o + 86. Let s be m(9). Calculate the highest common divisor of s and 34.
34
Suppose 2*y + 4*g = 0, -3*g = 2*y - 3*y. Suppose y*i - 4*i = -264. Suppose a = 45*k - 44*k - 93, 0 = -7*a + 42. Calculate the highest common factor of k and i.
33
Let f = -78 + 91. Let c be -2*-143*(-3)/(-6). What is the greatest common factor of f and c?
13
Let z(s) = -s - 1. Let j be z(3). Let m be 352 + j/(-8)*4 + -3. What is the greatest common divisor of 39 and m?
39
Let l be 24*((-14)/7)/(1*-4). Let y = l + 1. Let k(m) = m**3 + 7*m**2 + 2*m - 1. Let t be k(-5). Calculate the highest common divisor of t and y.
13
Let j = -1181 - -1205. What is the highest common divisor of j and 912?
24
Let w(d) = 11 - d + 5*d**2 - 2*d - 12. Let t be w(-2). What is the highest common divisor of t and 50?
25
Suppose -6*k = 11*k - 1462. Let u = k + -36. What is the highest common factor of u and 50?
50
Suppose 2*p = 